017.
113
Calculate the highest common divisor of 14817 and 22.
11
Calculate the greatest common divisor of 282 and 1551.
141
What is the highest common divisor of 98 and 2695?
49
What is the highest common divisor of 80 and 4?
4
Calculate the highest common divisor of 3 and 4416.
3
What is the greatest common divisor of 2112 and 6?
6
What is the greatest common factor of 79 and 5372?
79
What is the highest common factor of 144 and 1440?
144
What is the highest common factor of 1425 and 9?
3
Calculate the greatest common divisor of 6024 and 24.
24
Calculate the highest common factor of 4264 and 416.
104
Calculate the highest common divisor of 10 and 405.
5
Calculate the greatest common divisor of 160 and 60.
20
Calculate the greatest common factor of 2520 and 42.
42
What is the greatest common factor of 225 and 180?
45
What is the highest common factor of 176 and 11836?
44
Calculate the highest common factor of 366 and 2074.
122
Calculate the greatest common divisor of 30 and 3090.
30
Calculate the highest common factor of 475 and 50.
25
What is the highest common factor of 6671 and 7?
7
Calculate the highest common factor of 5 and 16.
1
Calculate the greatest common factor of 1099 and 7.
7
What is the greatest common factor of 105 and 1085?
35
What is the highest common divisor of 128 and 64384?
128
What is the greatest common factor of 3588 and 208?
52
What is the highest common factor of 1026 and 38?
38
Calculate the greatest common divisor of 410 and 920.
10
What is the greatest common divisor of 36 and 684?
36
Calculate the greatest common factor of 36 and 1116.
36
Calculate the greatest common factor of 280 and 320.
40
What is the highest common factor of 72 and 204?
12
Calculate the greatest common factor of 1768 and 272.
136
Calculate the highest common divisor of 80 and 1280.
80
What is the greatest common divisor of 1710 and 1824?
114
What is the greatest common divisor of 1440 and 32?
32
Calculate the greatest common factor of 869 and 33.
11
What is the greatest common factor of 3024 and 5328?
144
What is the highest common divisor of 9930 and 10?
10
What is the highest common divisor of 7006 and 186?
62
Calculate the greatest common factor of 18 and 24.
6
What is the highest common factor of 91 and 1807?
13
Calculate the highest common divisor of 1743 and 21.
21
What is the greatest common divisor of 212 and 4?
4
What is the highest common divisor of 2684 and 732?
244
Calculate the highest common factor of 273 and 91.
91
Calculate the highest common divisor of 42 and 602.
14
What is the highest common factor of 64 and 2?
2
What is the greatest common divisor of 68 and 119?
17
Calculate the highest common divisor of 475 and 300.
25
Calculate the highest common divisor of 5900 and 2124.
236
Calculate the greatest common divisor of 6 and 1347.
3
What is the highest common factor of 135 and 2808?
27
Calculate the greatest common divisor of 7 and 91.
7
Calculate the greatest common divisor of 8448 and 22.
22
What is the greatest common divisor of 150 and 350?
50
Calculate the greatest common factor of 85 and 17.
17
Calculate the highest common factor of 54 and 1539.
27
Calculate the greatest common divisor of 88 and 594.
22
Calculate the highest common divisor of 528 and 16.
16
Calculate the greatest common divisor of 228 and 6004.
76
What is the highest common factor of 30 and 510?
30
Calculate the highest common factor of 444 and 228.
12
Calculate the greatest common factor of 20 and 1880.
20
What is the greatest common divisor of 24 and 132?
12
What is the greatest common divisor of 35626 and 94?
94
What is the greatest common divisor of 29 and 12035?
29
Calculate the greatest common factor of 472 and 177.
59
What is the greatest common divisor of 225 and 50?
25
What is the highest common factor of 119 and 35?
7
What is the greatest common factor of 32 and 136?
8
What is the highest common factor of 580 and 1500?
20
Calculate the highest common divisor of 15 and 240.
15
Calculate the highest common divisor of 265 and 74995.
265
What is the highest common factor of 602 and 70?
14
Calculate the highest common factor of 637 and 1638.
91
Calculate the highest common divisor of 17 and 6817.
17
What is the highest common divisor of 1089 and 99?
99
Calculate the greatest common divisor of 224 and 288.
32
Calculate the greatest common divisor of 3438 and 108.
18
Calculate the highest common factor of 480 and 580.
20
What is the highest common divisor of 247 and 26?
13
What is the highest common divisor of 18 and 423?
9
What is the highest common factor of 3 and 3417?
3
Calculate the highest common factor of 248 and 279.
31
Calculate the greatest common divisor of 120 and 24.
24
What is the greatest common divisor of 324 and 24?
12
Calculate the greatest common divisor of 48 and 27488.
16
What is the greatest common factor of 1547 and 637?
91
Calculate the highest common factor of 4612 and 8.
4
Calculate the highest common divisor of 444 and 72.
12
Calculate the greatest common factor of 310 and 10.
10
What is the greatest common factor of 147 and 539?
49
What is the greatest common factor of 98 and 49?
49
What is the highest common divisor of 60 and 24?
12
Calculate the greatest common factor of 4 and 484.
4
Calculate the highest common divisor of 360 and 1044.
36
What is the greatest common factor of 45 and 1?
1
Calculate the highest common factor of 5 and 12115.
5
What is the greatest common divisor of 23673 and 78?
39
Calculate the greatest common factor of 19072 and 8.
8
What is the highest common divisor of 50 and 50?
50
What is the greatest common divisor of 1566 and 464?
58
What is the greatest common divisor of 8 and 18?
2
Calculate the highest common factor of 70 and 245.
35
Calculate the highest common factor of 8 and 1784.
8
What is the highest common divisor of 17113 and 157?
157
Calculate the greatest common divisor of 184 and 2852.
92
Calculate the greatest common divisor of 24 and 56.
8
Calculate the greatest common factor of 21 and 8813.
7
Calculate the greatest common factor of 2220 and 108.
12
Calculate the highest common divisor of 261 and 1479.
87
Calculate the highest common factor of 384 and 456.
24
Calculate the highest common factor of 616 and 252.
28
Calculate the greatest common divisor of 153 and 9.
9
What is the greatest common divisor of 152 and 24?
8
Calculate the greatest common divisor of 61046 and 524.
262
Calculate the greatest common factor of 429 and 11.
11
Calculate the highest common factor of 208 and 65.
13
What is the highest common divisor of 8 and 42376?
8
What is the greatest common divisor of 15 and 5?
5
Calculate the highest common divisor of 133 and 5586.
133
What is the greatest common divisor of 6208 and 64?
64
What is the greatest common factor of 213 and 15?
3
What is the greatest common factor of 16 and 80?
16
What is the greatest common divisor of 66 and 9042?
66
What is the greatest common factor of 228 and 2489?
19
What is the highest common factor of 2171 and 78?
13
What is the greatest common divisor of 202 and 10403?
101
Calculate the highest common divisor of 3175 and 381.
127
Calculate the highest common divisor of 50 and 470.
10
What is the greatest common factor of 10 and 11040?
10
Calculate the highest common divisor of 24 and 324.
12
Calculate the highest common factor of 1200 and 135.
15
What is the greatest common divisor of 91 and 91?
91
Calculate the greatest common divisor of 880 and 264.
88
Calculate the greatest common factor of 1178 and 76.
38
Calculate the highest common factor of 150 and 48.
6
What is the greatest common divisor of 3468 and 816?
204
Calculate the greatest common factor of 270 and 297.
27
What is the greatest common factor of 589 and 124?
31
What is the greatest common divisor of 102 and 6?
6
Calculate the greatest common factor of 1 and 1550.
1
What is the highest common factor of 238 and 56?
14
What is the highest common factor of 364 and 1344?
28
Calculate the greatest common factor of 45 and 165.
15
Calculate the highest common factor of 33 and 22.
11
Calculate the greatest common divisor of 27 and 1026.
27
What is the greatest common divisor of 133 and 16207?
19
Calculate the greatest common factor of 240 and 108.
12
What is the greatest common 